 - 114*s**3 - 10*s - 3*s**2 + 3. Determine o(8).
-13
Suppose 2*d - 7 = -3. Let s(r) = -2 + 12*r - 3*r + 7*r**d + 2 - r**3. Determine s(8).
8
Let r(t) = -t**3 - 5*t**2 - 7*t - 6. Let w be ((-14)/(-8))/(3/(-12)). Let v = w - -3. Determine r(v).
6
Let n(b) = 5*b - 1. Let s = 167 - 164. What is n(s)?
14
Let d = -2 - -7. Let m(j) = 6*j**2 - j + 5. Let h(r) = 7*r**2 - r + 6. Let f(z) = d*h(z) - 6*m(z). Give f(0).
0
Let y(i) = -3*i**2 - 1. Let w(h) = h. Let u(v) = -2*w(v) + y(v). What is u(-1)?
-2
Let k(q) = q**2 - 2*q + 4. Let o be (-24)/15*75/6. Let y be (-65)/o + 2/(-8). What is k(y)?
7
Let s(u) be the second derivative of u**4/4 - u**3/2 - 7*u**2/2 - 3*u. Let w(o) = 13*o**2 - 11*o - 28. Let i(h) = -9*s(h) + 2*w(h). Give i(6).
1
Let x(h) = 3*h - 2. Let i be (-36)/(-8) + (-2)/4. Let k(j) = -j. Let a(c) = i*k(c) + x(c). Give a(2).
-4
Let o(b) = -b**2 + 4*b + 1. Let t(q) = 5*q. Let h be t(1). Let d(v) = 0 - v**2 + 2*v**2 - h*v - 2. Let s(z) = 3*d(z) + 4*o(z). Determine s(2).
-4
Let w(i) = -i + 2. Let n(o) = -o**3 - o**2 - o + 1. Let r(b) = 3*b**3 + 3*b**2 + 2. Let c(u) = 2*n(u) + r(u). Let l be c(0). Calculate w(l).
-2
Let b(q) = q**2 + q - 4. Suppose 0*h + 2*h = 6. Give b(h).
8
Let c(u) = u + 4. Let a(d) = -2*d - 9. Let m(p) = 4*a(p) + 9*c(p). What is m(5)?
5
Let g(x) = x + 14. Let v be g(-13). Let m be ((-2)/(-2) - v)/(-1). Let a(r) = -r**3 - r + 6. Give a(m).
6
Let u = 18 - 20. Let v(x) = x**2 - x. Determine v(u).
6
Let z(x) = 8*x - 5. Let y(k) = -k + 1. Let b(g) = 5*y(g) + z(g). Give b(2).
6
Let d = 4 - 7. Let l be (9/(-6))/(d/(-4)). Let y(k) = k**2 + 2*k + 1. Let a(v) = -2*v**2 - 3*v - 1. Let r(b) = -2*a(b) - 5*y(b). Determine r(l).
1
Let c = -12 + 19. Let f(o) = o**3 - 8*o**2 + 3*o + 10. Determine f(c).
-18
Let x(p) = -2*p + 1. Suppose y = 2*v - 4*v + 6, -y = -3*v + 14. Calculate x(v).
-7
Let m(p) be the first derivative of 7*p**4/4 + 2*p**3/3 - p + 4. Give m(-1).
-6
Let v(p) = -p**3 + 6*p**2 + p + 1. Suppose -3*d - 5*q + 72 = 0, -q - 111 = -5*d + 9. Suppose d - 6 = 3*b. Give v(b).
7
Let k(y) = -7*y. Let x be (-3)/(-7) + 12/(-28). Suppose x = 2*u - 4 + 2. Calculate k(u).
-7
Let x(v) = 3*v - 5*v**2 - 5*v**3 + 2 + 12*v**3 + 2*v**2 - 8*v**3. Let q be (-9)/(-3)*8/(-6). What is x(q)?
6
Let z(d) be the third derivative of -13*d**5/60 - d**4/12 - d**3/6 - 7*d**2. Determine z(-1).
-12
Suppose y + 5*y + 24 = 0. Let m(j) = -2*j - 5. Give m(y).
3
Let z(u) be the first derivative of 3 + 1/3*u**3 + u + 1/4*u**4 + 0*u**2. Give z(0).
1
Let q(n) = -2*n + 8. Let o = 11 + -4. What is q(o)?
-6
Let r = 4 + 0. Suppose b = -4*h - 4, -r*h = 4 - 0. Let y(q) = 2*q - 5*q + 2*q + 7. Give y(b).
7
Let c(t) = t**3 - 5*t**2 + 2*t - 7. Let q be c(5). Let u(d) = -2 - 1 - q*d**2 + 1 + 1. What is u(-1)?
-4
Suppose 5 - 10 = -b. Let a(u) = -3*u**2 - 4 + b + 3 + 5*u**2 + 4*u. What is a(-3)?
10
Let w = 6 - 3. Let p(h) = -3*h**w - 5*h**2 + 2 - 2*h + h**2 + 2*h**3 + 0*h**3. Give p(-4).
10
Let r(g) be the third derivative of g**5/60 - g**4/8 - 4*g**3/3 + 3*g**2. Determine r(6).
10
Suppose 0 = r - 5*r - 28. Let x = r - -4. Let w(b) be the first derivative of b**3/3 + 3*b**2/2 + 3*b + 1. Give w(x).
3
Let h(b) be the first derivative of 4*b**3/3 - b**2/2 - b - 3. What is h(-1)?
4
Let t(c) be the third derivative of c**5/15 - c**3/6 - 2*c**2. Let z(a) = a**2 - 5*a - 7. Let f be z(6). Calculate t(f).
3
Let y(i) = -1. Let s(h) = 5*h**2 - 7*h + 3. Let x(q) = s(q) + 4*y(q). Let z = -36 - -32. Let o(n) = n**2 - n + 1. Let c(k) = z*o(k) + x(k). What is c(4)?
-1
Let b be -2*-3*(-2)/(-4). Let q be (-20)/8*(1 + -3). Let d(h) = 4 - q + h + h. What is d(b)?
5
Let n(t) be the first derivative of -t**3/3 + t**2/2 - t - 15. Suppose -p + 5*p = 0. Suppose -q + 1 = -p*q. Calculate n(q).
-1
Let q(j) = -j**2 - 10*j + 5. Let d be q(-10). Let u(t) = 4*t - t - 4*t - d. Determine u(-4).
-1
Let q(j) = -7*j - 1. Suppose 2*i - c = i, 0 = 3*i + 3*c + 18. Let a be (-9)/(-3)*-1 - i. Let g = -1 + a. Give q(g).
6
Let u(x) = -x**2 - 6*x. Let b(h) = -2*h**2 - 13*h. Let m(q) = 6*b(q) - 13*u(q). Suppose 6 = 2*l + 4. Determine m(l).
1
Suppose 28 = 5*z + 8. Let p(t) = -z*t + t**3 - 5*t + t**2 + 5*t + t. Calculate p(-3).
-9
Let l(o) be the third derivative of o**5/60 + o**4/3 - 2*o**2 + 37. What is l(-6)?
-12
Suppose 6*a + 11 = a - 4*c, -4*c + 13 = -3*a. Let y(i) = i**3 + 3*i**2 + 2*i - 2. Calculate y(a).
-8
Let m(q) = q - 4 - 6 + 8. Let x = -14 + 20. Calculate m(x).
4
Let m(b) be the third derivative of b**8/6720 - b**7/630 + b**5/30 - b**4/8 + 3*b**2. Let q(x) be the second derivative of m(x). What is q(4)?
4
Let p(i) = i**3 + 5*i**2 + 2*i - 6. Suppose 5*j + 119 = 94. Calculate p(j).
-16
Let t(w) be the second derivative of 0 + 0*w**4 - 3*w + 3/2*w**2 - 1/20*w**5 + 2/3*w**3. Let v(x) = 2*x + 2. Let g be v(-2). What is t(g)?
3
Let g(b) = b**3 + 4*b**2 + b - 2. Let t be g(-3). Let j(m) = 3 + m**2 + 0*m**2 + 4*m - t*m**2 + 2*m**2. Calculate j(4).
3
Let d(x) = -x. Suppose -11*r + 8 = -7*r. Suppose 0 = -4*f + 4*y - 9*y + 30, -2*y = 2*f - 14. Suppose f = -p + r. Determine d(p).
3
Suppose 3*y + 8 = 4*t + 1, -5*t + y + 17 = 0. Let n be t - -1 - (1 - 0). Let d(r) = r - 4. What is d(n)?
0
Let n(t) = -2*t**2 + 3*t + 3. Let b = 8 - 5. Determine n(b).
-6
Let w(r) = r**2 + 5*r - 4. Let y be (-2)/(-4) - (-165)/(-10). Let a = 10 + y. Determine w(a).
2
Let k = -21 + 14. Let h(z) = z**3 + 8*z**2 + 5*z - 10. What is h(k)?
4
Let y(n) = n**3 - 4*n**2 - 6*n + 4. Let h be y(5). Let c be 4 + h*3/3. Let s(a) = -2*a + 4. What is s(c)?
-2
Let s(l) be the first derivative of l**4/4 - l**3/3 - l**2/2 - 2. Let z = 3 - 4. What is s(z)?
-1
Suppose 2*n - 11 - 9 = 0. Suppose w = -2*t + 4, -4*t + n = -w + 4*w. Let d(v) = 2*v**3 - v - 3*v**3 + v**2 + 3*v**w - 2. Determine d(2).
4
Let u = 70 - 73. Let l(g) = g**3 + 3*g**2 + 3. What is l(u)?
3
Let z(o) = o - 5. Let r be -2 + (41 + 3)/(-4). Let g = 17 + r. Determine z(g).
-1
Let w be (-58)/8 + -5 + 63/12. Let j(o) = -3*o + 8. Determine j(w).
29
Let k(j) = 4*j + 4. Let s(c) = -7*c - 7. Let m(i) = -5*k(i) - 3*s(i). Calculate m(-6).
-5
Let z(x) = -x + 1. Let u(g) = -g**2 + 4*g - 4. Suppose -2*w = -5*o + 54, 0 = 3*w + 2*w + 2*o + 106. Let m = -16 - w. Let i(a) = m*z(a) + u(a). What is i(-4)?
-6
Let h(n) be the first derivative of 11 + 5/2*n**2 + 2*n - 1/3*n**3. Determine h(6).
-4
Let w(t) = -t**3. Let o(u) = u - 3. Let q be o(5). Suppose -x = 3 - q. Calculate w(x).
1
Let i(w) = -14*w**2 + w + 1. Suppose 9*g = 4*g - 10. Let a = -3 - g. Give i(a).
-14
Let v(j) = -7*j**3 + 15*j**2 - 3*j - 5. Let u(z) = 11*z**3 - 23*z**2 + 4*z + 8. Let t(c) = 5*u(c) + 8*v(c). Calculate t(3).
6
Let y be (-16)/(-10) + (-2)/(-5). Suppose 4*n - 8 = -g, -3*n - y*g + 6 = -0*n. Let h(r) = -2 + r - 7 + 7 + 0*r. What is h(n)?
0
Let p be 4/(-26) - (-14)/91. Let f(n) = 0*n**2 + 2*n**3 - n**2 + p*n**3. Calculate f(2).
12
Let s = -96 + 93. Let a(y) = -y**3 - 3*y**2 - 3*y - 4. Determine a(s).
5
Let g(r) be the third derivative of r**5/60 + r**4/8 - 2*r**3/3 - 2*r**2. Suppose 0 = a - 3*a + 12. Let q = a - 9. What is g(q)?
-4
Let b(l) = -5*l**3 + 4*l**2 - 8*l - 5. Let h(n) = -6*n**3 + 3*n**2 - 8*n - 6. Let f(p) = -5*b(p) + 4*h(p). Calculate f(7).
8
Let b(l) = 15*l**2 - 2*l + 5. Let h(y) = -y**2 - 1. Let w(k) = b(k) + 6*h(k). Determine w(-1).
10
Let o(c) = 737*c - 1 - 736*c - 6. What is o(8)?
1
Let u(f) = f**2 + 5*f - 4. Let i(r) = r**2 + 2*r + 1. Let t be i(-3). Suppose -3*l - 2*k - 8 = 0, -t*l = -k + 27 + 2. What is u(l)?
2
Let u(a) = a**2 + 2. Let f(h) = -h. Let d(c) = 3*f(c) + u(c). Let s be 2 - ((-8)/2)/4. Calculate d(s).
2
Let t(i) = -i**3 + 4*i**2 - 4*i + 1. Let j(p) = p - 1. Let s(l) = 4*j(l) + t(l). Determine s(3).
6
Let t(p) = 8*p**2 - 2*p - 1. Let g(q) = q - 3. Let y be g(2). Determine t(y).
9
Let g = 3 + -3. Suppose 2*j - 3*p + 6 = 0, g*p = -j + 2*p - 3. Let d(o) = o**3 + 2*o**2 - 4*o - 1. Determine d(j).
2
Let n(h) = -h**2 + h + 2 - h - 66*h**3 + 68*h**3. Give n(2).
14
Let s(y) = y - 3. Let q be (-3)/2*(-1 - 1). Suppose 2*p - p = -q. Give s(p).
-6
Let b(f) = f**2 - 2*f + 1. Suppose -13*t = -8*t - 10. What is b(t)?
1
Let f(g) = g**2 - 5*g - 2. Let v be (14/(-4) + 3)*-4. Suppose -2*a + v*w + 6 = 0, -4*w + 18 = 2*a - 0*w. Calculate f(a).
-2
Let s be 12/3 + 0/(-2). Let z(u) be the third derivative of -u**6/240 + u**5/20 - u**4/12 + u**2. Le